*m - 12 + 47, 5*l - 5 = -3*m. What is the tens digit of z - -205 - (-3 - l)?
1
Suppose -5*u - 2*f + 501 = 0, 87*u - 5*f - 313 = 84*u. What is the tens digit of u?
0
Suppose 0 = -27*a + 32*a + 3*g - 16990, 5*a - 16985 = -4*g. What is the thousands digit of a?
3
Let f = 1172 - -1632. What is the thousands digit of f?
2
Suppose -13*w + 0*w = 240708. What is the units digit of 24/132 - w/44?
1
Let i(x) = x**2 + 17*x - 3. Let z be i(-13). Let w be (-2 - (6 - 7))*(-185)/1. Let c = w + z. What is the hundreds digit of c?
1
Let l(r) = r**2 + 34*r + 95. Let s be l(-31). Suppose -2*j = -s*k - 1522, 4*j - 4*k - 3810 = -j. What is the units digit of j?
6
What is the thousands digit of (807/(-538))/((-1)/6134)?
9
Suppose 0 = 4*p - 4*j - 35495 - 71453, -5*p = j - 133703. What is the tens digit of p?
4
Let w = -48638 + 85664. What is the thousands digit of w?
7
What is the thousands digit of 22 + 946/(-44) - (-1 + 59446/(-4))?
4
Let q be 1/2*6/1. Let d(l) = q + 2 - 71*l + 1 + 101*l. What is the units digit of d(3)?
6
Suppose -2*r = 3*o - 22, r = 5*o - 2*o - 7. Let w = -352 + 353. What is the units digit of (w - o/3) + (-192)/(-9)?
1
Suppose 3441 = -5*b - 2*u + 12522, u = -2*b + 3633. Suppose 3*m = 2*p - 726, 6*m = -5*p + 5*m + b. What is the units digit of p?
3
Let u be (10/4)/(15/18). Suppose t + 24 = 4*b, -2 + 4 = 2*b - u*t. Suppose b = d - 18. What is the tens digit of d?
2
What is the hundreds digit of (16/40)/((-6069)/(-7586) - 4/5)?
1
Let b(p) = p**3 - 20*p**2 - 21*p + 5. Let j be b(21). Suppose j*m - 15 = 5. What is the hundreds digit of (798/12)/((10/m)/5)?
1
Suppose 2*d - 6 = 4*g - 2*g, 0 = 2*d - g - 5. Suppose d*l = -2*l - 228. Let m = l - -97. What is the units digit of m?
0
Suppose -q + 0 = 9. Suppose 122*j - 57 = -57. What is the units digit of q/6 - (169/(-2) + j)?
3
Suppose -2*g - x = -4126, -g + 2*x + 998 = -1060. What is the thousands digit of g?
2
Suppose 0 = -0*k - 25*k + 9650. Suppose k = 2*y + 2*i, 0 = 3*y + 5*i - 163 - 418. What is the tens digit of y?
9
Let t be ((-138)/(-2))/1*85/51. What is the units digit of (29 - t)*17/(-2)?
1
Let k = -670 + 676. Suppose 0 = -5*s + 5*h + 5, 0 = -2*h - 9 - 1. What is the units digit of (s - -12)/(k/207)?
6
Let t be (-44)/176 - 153/(-4). Suppose -t*f + 4148 = -21*f. What is the hundreds digit of f?
2
What is the units digit of 5 + ((441434/8)/7 - (-7)/28)?
8
Let u = 14957 - 10496. What is the tens digit of u?
6
Let o = 31824 + -21195. What is the thousands digit of o?
0
Let q be (1 + -5)/(7/(-70)*8). Suppose -w + 2*w - 901 = -3*y, -2*y + 605 = q*w. What is the tens digit of y?
0
Let k(a) = 442*a**2 - 49*a + 206. What is the units digit of k(7)?
1
Let t(w) = -88*w**2 - 17*w - 50. Let g be t(10). What is the units digit of (3/(-5))/(4/g) + -5?
8
Let m be ((-1141)/5)/((-4)/20). Let g = m + -774. What is the units digit of g?
7
Suppose 2*y + y = -15, 2*p - 3*y - 39 = 0. Let c(r) = r**2 + 12*r - 36. Let o be c(p). Let n = -179 + o. What is the units digit of n?
3
Let y be 122/(-15) - (0 + (-6)/45). What is the hundreds digit of (-2 - y) + 731 - 2?
7
Let i be (-13)/(-26) + (-35)/2. Let q = -12 - i. Suppose -182 = -2*a - 2*j - 58, 2*a = -q*j + 118. What is the units digit of a?
4
Suppose -2890 = -3*v - 664. Let h = v + -382. What is the hundreds digit of h?
3
Let y(f) = f**3 + f**2 - 2*f + 7. Let u = -51 + 48. Let i be u*(-4)/(-9)*-3. What is the tens digit of y(i)?
7
Let x = 859 - 19. Suppose 0*v - 7*v = 0. Suppose v*z + 4*z = x. What is the units digit of z?
0
Suppose 115*x - 114*x = -5*t + 73351, t - 14674 = -4*x. What is the units digit of t?
0
Let x = -50 + 78. Let d be x/10 + 8/(-10). Suppose 3*b + 449 = d*z, b = -0*z - 5*z + 1131. What is the units digit of z?
6
Let q be (-20)/6 + (-26)/39. Let o be q/72*-4 - (-13456)/36. Suppose 26 - o = -4*t. What is the units digit of t?
7
Let h(i) = 1752*i**2 + 122*i + 162. What is the hundreds digit of h(-6)?
5
Let q(m) = 459*m + 826. What is the hundreds digit of q(115)?
6
Let u(z) = 2*z**2 - 790. What is the tens digit of u(52)?
1
Let c(n) = 30*n**2 - 15*n - 13. Let m be c(-8). Let h = m - 226. What is the thousands digit of h?
1
Suppose 14633 - 81461 = -12*y. What is the thousands digit of y?
5
Suppose -5*p - 5*m = -675, 81 = 3*p + 5*m - 322. Suppose -3*t = h + 67, 4*t + 27 + 77 = -5*h. Let i = p - t. What is the units digit of i?
7
Let y = 2321 - 838. What is the thousands digit of y?
1
Suppose 2*z - 110 = -f, 2*z - 5*f - 110 = -0*f. Let l be (24/15)/(2/z). Suppose -3*w - l = -14*w. What is the units digit of w?
4
Suppose 0 = -71*w + 53*w + 918. Suppose w*s - 15137 = 17146. What is the hundreds digit of s?
6
Let r(d) be the first derivative of -5*d**4/4 + 2*d**3 - 2*d - 13. Let a be r(-4). Suppose -230 = -4*x + a. What is the tens digit of x?
6
Let z(l) = 5*l - 31. Let f be z(20). Suppose -5*m = -2*d + 72, 3*d - f = 2*m + 61. What is the tens digit of d*((-45)/10 + 5)?
2
Let o(n) = n**3 - 19*n**2 - 24*n + 82. Let l be o(20). Let a(c) = 240*c**2 - 19*c + 33. What is the tens digit of a(l)?
5
Suppose 5*a - 80 = 6*d - 11*d, -46 = -3*a - 5*d. Suppose -i = -5*x - 179, 16*i + x + 163 = a*i. What is the units digit of i?
9
Suppose 333*x - 139*x = 680746. What is the hundreds digit of x?
5
Let p(b) = -4*b**3 + 23*b**2 - 51*b + 314. What is the tens digit of p(-19)?
2
Let g be (-2)/6 - (-30)/9. Suppose -348 = -k - 2*h, g*k - 1024 = -3*h + 7*h. Suppose -4*b + k = -2*b. What is the units digit of b?
2
Suppose -2*y - 4 = -4*a + a, 5*a - 3*y = 5. Let v be ((4 + -3)*a)/(5/(-50)). Suppose v*w = 15*w + 715. What is the units digit of w?
3
Let k = -19 + 11. Let t be ((-8)/3)/(4/(-48)*k). What is the units digit of (28 - 27)*(-2)/(t/374)?
7
Let f be ((-16)/20)/(1/(-505)). Suppose -8*g + 44 + f = 0. Suppose -g*a = -60*a + 156. What is the tens digit of a?
3
Let a(x) be the second derivative of 2*x**4 + 3*x**3/2 - 10*x**2 + 12*x - 1. What is the hundreds digit of a(-6)?
7
Let h(j) = -j**3 - 11*j**2 + 10*j - 21. Let d be h(-12). Let g be 1/((6/4)/d). What is the units digit of (g - 0)*(-262)/(-4)?
1
Let h(k) = k + 33. Let l(i) = i**3 + 17*i**2 - 17*i + 21. Let b be l(-18). Let c = b - -23. What is the tens digit of h(c)?
5
Suppose -91*w - 11880 = -102*w. Let v = 333 + w. What is the thousands digit of v?
1
Suppose -6*b = -b + 675. What is the hundreds digit of (-315)/b*(142 - 1)?
3
Let w(x) = x**3 + 8*x**2 - 21*x - 6. Let g be w(-10). Suppose 0*m + g*m - 1552 = -4*d, -4*m - d + 1543 = 0. What is the units digit of m?
5
Let h be ((-4728)/(-8))/((-3)/(-10)). Let o = h - 1100. What is the hundreds digit of o?
8
Suppose -4*p + 2412506 = -2*s, 12 = 2*s + 14. What is the thousands digit of p/594 + (-8)/22?
1
Suppose -2*s = -4*a - 29 + 1, 0 = 3*s + 6. Let z(g) = -66*g - 42. What is the units digit of z(a)?
6
Let s be 15/(-10) - (-5705)/(-10). Let b = 1502 + s. What is the hundreds digit of b?
9
Suppose j - 14*j = -19552. Let q = j + -835. What is the hundreds digit of q?
6
Suppose -3*f = -2*a - 13627, 1186 = 2*f - a - 7900. Suppose 12*w - f = 2343. What is the units digit of w?
4
Let j(b) = 6*b**2 + 32*b - 2125. What is the tens digit of j(89)?
4
Let b(l) = -l**3 + 5*l**2 + 10*l - 15. Let t = -81 + 83. Let j be (-171)/(-27) + 1*t/(-6). What is the units digit of b(j)?
9
Let n = 9166 - 6432. What is the units digit of n?
4
Suppose 0 = -6*a + 25*a - 1330. What is the tens digit of a?
7
Let q = -8596 - -12743. What is the units digit of q?
7
Let n be 10/(-3)*(20 + -23). Let r = 12 - n. Suppose 0 = z + 3*v - 67, -r*z = -0*z + 4*v - 130. What is the units digit of z?
1
Let n(i) = -6 - 2*i + i**2 - 7*i + 9*i - 16*i. Let q be n(18). Suppose 0*w = -10*w + q. What is the units digit of w?
3
Suppose -19*m + 89194 = -11772. What is the tens digit of m?
1
Let r = -48 + 62. Suppose -r*i + 18*i - 100 = 0. Suppose -i*z = -26*z + 65. What is the units digit of z?
5
What is the units digit of 6/8 + (-280098)/(-648)?
3
Suppose -4 = 2*v - 2*w, v - 3*v - 2*w = -12. Let z be -2 + (4/(-8))/((-1)/10). Suppose 4*q - 141 = z*q + d, d = -v*q + 291. What is the units digit of q?
4
Let j be ((-4)/6)/((-18)/(-27)) - 284. What is the tens digit of 56245/j*-6 - (-4)/(-38)?
8
What is the ten thousands digit of 2 + 14968 - 13 - 3/((-15)/(-40))?
1
Let u(l) = -4*l**2 + 7*l + 11680. What is the thousands digit of u(